13*k**2 + 47*k + 48. Calculate a(-2).
-522
Let j(d) = 1073*d + 441031. Give j(-411).
28
Let l(q) = -q**3 - 6*q**2 + 17*q + 70. Determine l(5).
-120
Let s(j) = 580*j + 701. Give s(-4).
-1619
Let a(g) = 49*g + 1057. What is a(-17)?
224
Let c(p) = 11*p**3 + 1055*p**2 - 48*p + 4616. What is c(-96)?
8
Let l(s) = s**3 + 185*s**2 - 956*s + 4. What is l(5)?
-26
Let g(d) = d**3 + 31*d**2 - 227*d - 48. Give g(-36).
1644
Let j(o) = 30*o**3 - 6761*o - 2. Calculate j(0).
-2
Let n(b) = -b**3 + 364*b**2 - 2156*b + 2726. Determine n(358).
-138
Let c(m) = 26*m**2 + 160*m + 81. What is c(-6)?
57
Let t(v) = 469*v - 506. Give t(1).
-37
Let f(u) = -3*u**3 + 357*u**2 + 107*u - 12738. Give f(119).
-5
Let w(y) = 7*y**3 + 35*y**2 + 29681*y + 148411. Determine w(-5).
6
Let b(a) = 657*a + 360817. Calculate b(-549).
124
Let q(p) = 18*p**2 + 122*p + 861. Determine q(-8).
1037
Let o(p) = 5*p**2 - 7952*p - 80017. Determine o(-10).
3
Let p(f) = 4*f**3 + 31*f**2 - 24*f + 189. Give p(-9).
0
Let b(i) = i**3 - 28*i**2 - 96*i + 2953. Give b(27).
-368
Let l(o) = o**3 - 458*o**2 + 16334*o + 269. Determine l(39).
-4
Let s(p) = -2001*p - 29136. Calculate s(-15).
879
Let b(c) = -23691*c + 23684. Calculate b(1).
-7
Let d(r) = 48*r**2 - 13*r - 24. Calculate d(1).
11
Let r(y) = -1154*y - 41426. Calculate r(-36).
118
Let w(v) = -5125*v + 599612. What is w(117)?
-13
Let l(f) = -416*f**2 - 127300*f - 1213. What is l(-306)?
11
Let u(b) = 2*b**3 + 45*b**2 - 18*b + 47. Determine u(-23).
-68
Let i(r) = 1947*r + 2124176. What is i(-1091)?
-1
Let s(w) = 641*w - 4585. Determine s(8).
543
Let c(g) = -3618*g + 86806. Give c(24).
-26
Let a(d) = 18775*d + 2590948. Give a(-138).
-2
Let j(g) = -184*g**3 - 918*g**2 + 5*g - 34. Calculate j(-5).
-9
Let m(d) = -7*d**2 - 492*d + 88. What is m(-73)?
-1299
Let n(b) = 315*b + 21480. What is n(-68)?
60
Let r(d) = -16*d - 378. Calculate r(37).
-970
Let m(l) = 4*l**2 - 107*l - 329. Determine m(0).
-329
Let i(u) = -2227*u - 93523. Give i(-42).
11
Let l(u) = -30*u**2 - 766*u - 4742. Give l(-15).
-2
Let p(c) = 72*c**2 - 547*c - 2193. Calculate p(-4).
1147
Let u(w) = 408*w + 66431. What is u(-163)?
-73
Let v(m) = -1251*m**2 - 322765*m - 1802. Determine v(-258).
4
Let b(l) = 4*l**3 - 30*l**2 + 26*l + 83. Give b(11).
2063
Let d(u) = -107*u**2 + 386*u - 762. Give d(2).
-418
Let b(y) = -6*y**2 - 4020*y - 36291. What is b(-9)?
-597
Let g(z) = z**3 - 16*z**2 + 3954*z - 59068. Determine g(15).
17
Let q(n) = -13*n**2 - 182*n - 929. Give q(-5).
-344
Let c(j) = -j**2 - 11*j + 48. Calculate c(17).
-428
Let u(i) = 764*i - 5592. What is u(7)?
-244
Let b(t) = t**2 + 676*t - 249362. What is b(265)?
3
Let s(x) = 6*x**3 + 113*x**2 - 397*x + 152. Determine s(3).
140
Let n(g) = 3*g**2 - 161*g - 21725. What is n(116)?
-33
Let u(w) = -w**3 - 2*w**2 + 340*w - 88. Give u(-16).
-1944
Let m(w) = w**3 - 345*w**2 - 18848*w - 6281. Calculate m(393).
7
Let z(p) = 4*p**2 + 303273*p + 606538. What is z(-2)?
8
Let y(f) = f**3 + 142*f**2 + 22*f - 1025. What is y(0)?
-1025
Let h(p) = -3*p**3 - 379*p**2 + 264*p + 137. What is h(-127)?
-1133
Let h(x) = -x**2 - 11969*x + 420147. Give h(35).
7
Let t(o) = 57*o + 6883. Give t(-153).
-1838
Let n(o) = -24*o**2 - 1595*o - 7970. Calculate n(-5).
-595
Let r(w) = -34*w**2 - 2551*w - 230. Determine r(-75).
-155
Let q(t) = 165*t - 3045. Calculate q(16).
-405
Let x(w) = w**3 - 10*w**2 + 49*w + 4. What is x(9)?
364
Let r(s) = s**2 - 234*s + 3533. Calculate r(18).
-355
Let q(b) = -b**3 - 48*b**2 - 74*b + 677. Determine q(-46).
-151
Let p(y) = y**3 + 55*y**2 + 1541*y + 99473. What is p(-58)?
3
Let v(c) = -4058*c + 93361. Determine v(23).
27
Let c(u) = u**3 - 4*u**2 - 2302*u + 6904. Calculate c(3).
-11
Let k(l) = -l**3 - 12*l**2 + 228*l - 1. Calculate k(14).
-1905
Let d(j) = 186622*j - 4478931. Calculate d(24).
-3
Let s(r) = 3*r**3 + 201*r**2 - 397*r + 1242. Calculate s(-69).
69
Let g(n) = -38*n**2 - 6*n - 73. Calculate g(0).
-73
Let s(k) = 25*k**2 - 868*k + 6931. Determine s(16).
-557
Let j(r) = 28419*r - 1790279. Calculate j(63).
118
Let j(k) = 2830*k - 53767. What is j(19)?
3
Let o(h) = 8*h**3 + 181*h**2 - 84*h - 350. What is o(-23)?
-5
Let z(q) = -q**3 + 75*q**2 + 149*q + 412. Calculate z(77).
27
Let i(d) = -250*d - 457. Calculate i(-6).
1043
Let t(a) = -1079*a + 6936. Determine t(6).
462
Let u(n) = 37*n**3 - 2487*n**2 + 514*n + 1485. What is u(67)?
11
Let y(t) = t**2 + 214*t + 4207. Calculate y(-22).
-17
Let u(f) = -f**3 + 28*f**2 + 12*f - 342. Calculate u(28).
-6
Let f(z) = -45*z**2 - 3576*z + 2111. What is f(-80)?
191
Let r(g) = -g**3 + 170*g**2 + 6*g + 28220. What is r(171)?
5
Let k(c) = -c**3 + 11*c**2 + 205*c - 1985. What is k(10)?
165
Let a(i) = -5*i**2 - 2025*i - 157. Give a(-405).
-157
Let d(i) = 80*i + 852. Determine d(-4).
532
Let p(c) = 12*c**3 + 162*c**2 - 20*c - 61. Determine p(-12).
2771
Let x(s) = -1061*s**2 + 40297*s + 786. Determine x(38).
-12
Let g(l) = 6*l**3 + l**2 + 360*l - 733. Give g(2).
39
Let p(t) = -t**3 + 39*t**2 + 410*t - 1582. What is p(47)?
16
Let i(m) = 11890*m - 1153351. Calculate i(97).
-21
Let n(k) = 12*k**3 - 16465*k**2 + 1371*k + 1365. Calculate n(1372).
-7
Let o(p) = 7788*p - 23364. Give o(3).
0
Let r(c) = 9*c**2 + 4185*c + 48901. Give r(-453).
-23
Let j(y) = y**3 + 49*y**2 - 3219*y - 157815. Determine j(-49).
-84
Let u(c) = 2*c**3 - 16*c**2 - 106*c - 299. Calculate u(13).
13
Let r(h) = -604*h - 37553. Give r(-62).
-105
Let x(z) = -z**3 + 24*z**2 - 14*z - 369. Determine x(21).
660
Let m(v) = 19081*v - 209863. Calculate m(11).
28
Let s(q) = -q**3 + 96*q**2 - 1136*q + 89120. Give s(94).
8
Let h(o) = -o**3 + 2*o**2 - 173*o - 1852. Give h(-12).
2240
Let u(v) = 1600308*v - 9601848. Calculate u(6).
0
Let i(q) = 1017*q + 325469. What is i(-320)?
29
Let b(s) = -s**3 - 143*s**2 + 9175*s - 338. Calculate b(48).
-2
Let r(c) = -c**3 - 1316*c**2 + 122060*c + 91. Calculate r(87).
4
Let x(u) = 79*u - 540. Give x(14).
566
Let x(u) = -2*u**2 - 59*u - 97. Calculate x(-11).
310
Let l(b) = -3279003*b - 26232021. What is l(-8)?
3
Let p(z) = 2248*z**2 - 2185*z - 57. What is p(1)?
6
Let h(l) = 4224*l + 447748. Give h(-106).
4
Let t(d) = -271*d**2 - 116839*d - 16369. Give t(-431).
9
Let t(l) = 7*l**2 - 983*l + 1434. What is t(139)?
44
Let n(h) = 13900*h - 416983. Determine n(30).
17
Let s(w) = -3*w**2 - 10393*w - 103636. What is s(-10)?
-6
Let u(b) = 11*b**3 - 4*b**2 - 35*b - 284. Give u(5).
816
Let h(i) = -2*i**3 - 27*i**2 + 2*i - 100. Give h(-10).
-820
Let j(b) = b**2 + 785*b - 55681. Determine j(66).
485
Let v(h) = 726*h + 5708. What is v(-7)?
626
Let a(c) = 4813*c**2 + 4861*c + 20. Give a(-1).
-28
Let a(c) = 84832*c + 424169. What is a(-5)?
9
Let z(h) = -h**3 + 2*h**2 - 201*h + 1644. What is z(8)?
-348
Let p(l) = -l**3 - 41*l**2 - 417*l - 2572. Determine p(-30).
38
Let s(g) = -2*g**3 + 225*g**2 - 198*g + 9637. Give s(112).
5
Let o(w) = w**3 + 23*w**2 - 89*w - 2817. What is o(-21)?
-66
Let k(a) = -14*a**2 + 201*a + 1967. Give k(-9).
-976
Let s(a) = -10879*a + 53840. Give s(5).
-555
Let o(k) = -3*k**2 + 150*k - 1228. Calculate o(40).
-28
Let v(m) = -30*m**2 - 102*m - 203. Calculate v(-2).
-119
Let i(m) = -m**3 - 15*m**2 + 166*m - 625. Calculate i(9).
-1075
Let v(i) = -i**3 + 108*i**2 + 12928*i - 1397878. Give v(110).
2
Let r(t) = 23144*t + 3818614. Give r(-165).
-146
Let y(n) = -170960*n + 1025778. Give y(6).
18
Let k(t) = -225*t + 20410. Calculate k(81).
2185
Let h(g) = -1082*g + 34689. Determine h(32).
65
Let k(a) = -2113*a - 34215. What is k(-16)?
-407
Let w(i) = 6*i**3 + 29*i**2 - 5*i + 39. Give w(-5).
39
Let j(o) = 2*o**3 - 228*o**2 - 573*o + 65316. Give j(114).
-6
Let v(g) = 14*g**2 - 45*g - 267. Determine v(11).
932
Let c(u) = 2*u**2 - 2244*u - 45690. Calculate c(-20).
-10
Let i(m) = 270*m**2 + 2537*m + 3013. What is i(-8)?
-3
Let j(q) = -2225*q - 57799. Calculate j(-26).
51
Let p(j) = 46529*j - 186473. Give p(4).
-357
Let u(o) = 2*o**3 + 28*o**2 - 9*o + 348. Determine u(-15).
33
Let z(x) = -43*x**2 + 9203*x - 1400. Determine z(214).
-1186
Let q(w) = w**2 - 434*w + 35607. Calculate q(110).
-33
Let g(r) = 6650*r + 1303467. Determine g(-196).
67
Let b(o) = -o**3 - o**2 + 255*o + 1095. Determine b(0).
1095
Let u(g) = 28*g**2 - 127*g + 391. Calculate u(3).
262
Let d(h) = 51*h - 319. What is d(5)?
-64
Let a(o) = -597*o + 15991. Give a(33).
-37